or of 15 and i?
15
Suppose 21*b + 67 + 101 = 0. Let c(r) = r**3 + 7*r**2 - 13*r - 20. Let n be c(b). Calculate the greatest common divisor of n and 460.
20
Let v be (3 + (-75)/10)/(2/(-4)). Suppose 0 = 6*s - 3*s + v. Let p be 30 + 7 - (0 + s). What is the highest common factor of 8 and p?
8
Suppose -5*i + 4 = -46. Let z = -9032 + 9052. What is the greatest common factor of i and z?
10
Let o(l) = l**2 + 5*l + 6. Let c be o(-7). Suppose -3*x + 13616 = c*x. Calculate the highest common factor of x and 111.
37
Let s be 497118/(-14) + (-33)/(-77) + -5. Let p be (-2)/(-20) - s/170. Calculate the highest common divisor of p and 11.
11
Let x(s) = -171*s - 1709. Let l be x(-10). What is the highest common factor of l and 271?
1
Let i(k) = -44*k**3 + 24*k**2 + k - 23. Let c be i(-6). What is the greatest common factor of c and 49?
49
Let f = 2 - 3. Let n = f - -25. Suppose 0*r - n = -r. Calculate the greatest common divisor of 16 and r.
8
Suppose -2*w = 4*f - 10410, 2*w = 2*f - 5821 + 16279. What is the greatest common divisor of w and 23?
23
Let k = 6512 + -5380. Calculate the highest common factor of k and 3679.
283
Suppose 0*x = -2*x + 2*t + 660, -x + 5*t + 306 = 0. Let y be (-7 - -1)*(-1 + -3). What is the highest common factor of x and y?
24
Let g = 1058 - 1049. Let w = 209 - 56. Calculate the greatest common divisor of w and g.
9
Suppose 0 = -3*q - 11 + 113. Suppose 20*f + 392 = q*f. What is the greatest common factor of 14 and f?
14
Let k = -447 - -917. Suppose -468*n + k*n - 294 = 0. What is the highest common factor of n and 3?
3
Let o = 16977 - 10524. Calculate the highest common factor of 27 and o.
27
Let p be 48/27 + (-8)/68 + 1196/3519. What is the greatest common divisor of 106 and p?
2
Let x(i) = 5*i**2 - 6*i + 10. Let t be x(4). Suppose 3*q = 2*j - t - 293, 5*j + 3*q = 929. Calculate the greatest common factor of j and 23.
23
Suppose 10 = 36*v - 41*v + 4*l, 0 = -2*v + 2*l - 6. Suppose -4*s + 4*t + 4 = t, 2*s = -2*t + v. What is the greatest common divisor of s and 19?
1
Suppose 0 = -10*n - 622 - 658. Let s = -3 - n. Suppose 3*f - s = 25. Calculate the highest common factor of 125 and f.
25
Suppose 31 - 12 = q - 3*z, -4*q + 5*z = -41. Suppose -q*x = x - 5, 0 = 5*c - x - 2584. What is the highest common divisor of 47 and c?
47
Let o = 2105 + -547. What is the highest common divisor of 190 and o?
38
Let c(z) = z**2 + 2*z - 23. Let p(l) = l**3 + 7*l**2 + 10*l + 4. Let r be p(-4). Let s be c(r). What is the highest common factor of 29 and s?
29
Let w = 751 + -733. Suppose 54 = 4*f + 2*f. Let t be f/((0 + -4)/(-12)). Calculate the greatest common factor of w and t.
9
Let c(l) = 7*l**2 - 15*l - 5. Let w be c(-9). Calculate the greatest common divisor of 85 and w.
17
Let t(x) = x**2 - 53*x + 720. Let j be t(21). Calculate the highest common factor of 1200 and j.
48
Let u = 356 - 184. Let a = -76 + u. Calculate the highest common divisor of 108 and a.
12
Suppose 151*k - 156*k + 300 = 0. Let s = k + -42. Suppose 2*l + 6 = 5*l. What is the greatest common factor of l and s?
2
Let o be 2 + -3 + -3 + 6. Suppose o*m = -26 + 158. Suppose -9*b - 34*b + 19*b = -1056. What is the highest common divisor of m and b?
22
Suppose -220*k = -222*k - 3*z + 2, -6 = 3*z. Calculate the greatest common factor of 1942 and k.
2
Let u = 2076 - 1991. Suppose -34 = 2*y - 4*y. What is the greatest common divisor of u and y?
17
Let q be -12*20/(-720) - 106/(-6). Suppose 0 = -3*t - 3*c + 5*c + 1884, t - c = 627. Calculate the greatest common divisor of t and q.
18
Let d(o) = 0*o**2 + 549*o**3 + 10*o - 4 + 2 - 3*o**2 + 2*o - 11*o. Let h be d(1). Calculate the highest common divisor of 5 and h.
5
Let l = -85 + 78. Let u be (-1572)/(-42) + (-4)/l + -3. Calculate the highest common divisor of u and 14.
7
Let u(c) = c**2 - c + 7. Let a be u(0). Let z(j) = -j**3 - 18*j**2 - 119*j - 343. Let b be z(-11). What is the greatest common divisor of a and b?
7
Let u = -1065 - -3485. What is the highest common factor of 10 and u?
10
Let i(o) = o**2 + 9*o - 18. Let m be i(-11). Suppose -j + m*t = -30, 7*j - 3*j + 4*t = 20. Let d = -3 + 8. What is the highest common divisor of j and d?
5
Suppose 0 = -126*o + 31*o + 42845. Calculate the highest common divisor of o and 11.
11
Let q(b) = -b**2 + 5*b - 1. Let x be q(4). Suppose -9*u + 24 = -x*u. Suppose 5*m + u = 49. Calculate the highest common factor of m and 144.
9
Let l be (4/(-5))/((6/3)/(-30)). Suppose -27*j + 10*j = -5508. Calculate the highest common factor of j and l.
12
Let r(y) = 2*y - 35. Suppose 0*c = -3*c + 54. Let v be r(c). Suppose 66 = 15*x - 99. What is the greatest common divisor of x and v?
1
Let v = 41 + 19. Suppose -8*i + 9*i - v = 0. What is the greatest common divisor of i and 30?
30
Let p(j) = -23*j + 191. Let a(q) = -16*q + 127. Let f(y) = -7*a(y) + 5*p(y). Let i be f(21). What is the highest common divisor of i and 33?
3
Suppose 0*x + 2*z + 326 = 2*x, 493 = 3*x - 4*z. Suppose 0 = 15*m - 126 - x. Calculate the greatest common factor of m and 2.
1
Let a be 80/(-60)*(-6)/8. Let f(b) = 15*b - 7. Let c be f(a). Calculate the highest common factor of c and 72.
8
Suppose 178 = 11*s - 548. Let p be 5*(-8)/(-3) - s/(-99). Calculate the greatest common divisor of 21 and p.
7
Suppose 0 = -2*u - j + 16, 0*u + 8 = u + 2*j. Suppose 13*n = 9*n + u. Suppose n*y - 11 - 33 = 0. Calculate the highest common factor of y and 154.
22
Suppose 0 = -3*u + 2 + 4. Let z be 6*((-575)/(-1794) - 4/26). What is the highest common divisor of u and z?
1
Let q(b) = -17*b + 24 - 8*b**2 - 8*b**2 + b**3 + 28. Let n be q(17). What is the highest common factor of n and 52?
52
Let t be 5 - ((-3)/(-3) - 2). Let w be (10/t)/(110/66). Calculate the highest common divisor of w and 64.
1
Suppose 253*k - 250*k - 6 = 0. Suppose -85*s + 2*l = -86*s + 180, k*l = 0. What is the highest common divisor of s and 30?
30
Let r = 3363 - 3342. Calculate the highest common divisor of 259 and r.
7
Let x be (-188)/2*(-15)/5*1. What is the greatest common factor of x and 3243?
141
Suppose -3*i + 483 = d, 45*d - 2*i = 48*d - 1421. What is the greatest common divisor of d and 1570?
157
Let c = 100 - 84. Let w be (c/3)/(((-21)/(-18))/7). What is the highest common divisor of 72 and w?
8
Let l = -427 - -428. Let r(w) = 8*w - 1. Let c be r(4). Calculate the greatest common divisor of l and c.
1
Suppose -3*b + 58068 = 3*k, -142*k + 144*k - 38670 = 4*b. What is the greatest common divisor of k and 22?
11
Let d = 3 + 5. Suppose 0 = -5*v + 5*l + 1445, 0 = 2*l + 3*l. Let f = v + -185. Calculate the highest common factor of f and d.
8
Let r(q) = -2*q**3 - 4*q**2 - 7*q + 5. Let o be r(-5). Let k(b) = -b**2 + 47*b - 443. Let j be k(33). Calculate the highest common factor of j and o.
19
Let v = 69 - -25. Let y = v + -38. What is the greatest common factor of 392 and y?
56
Suppose -4*j = 8 + 4. Let u be (20/3)/((-1)/j). Let k(f) = f**2 + 3*f. Let c be k(-4). Calculate the greatest common divisor of u and c.
4
Suppose 0*v = 3*u + 2*v - 13, 0 = 4*u + 4*v - 16. Suppose -u*o = -9*o + 4. Let d be (-1 + (-9)/15)/(o/(-80)). What is the highest common factor of d and 16?
16
Let p(q) = -45*q - 690. Let d be p(-22). Let l(v) = 6*v**2 - 6*v. Let g be l(6). Calculate the greatest common divisor of d and g.
60
Let g = -1950 - -2423. What is the highest common divisor of 387 and g?
43
Let p be (2/(-12)*-4)/((-102)/(-1377)). Let c be ((-72)/p + -32)*(-6)/10. What is the highest common factor of c and 30?
6
Let q be 4979 - ((-29)/((-174)/60) + -11). What is the greatest common factor of q and 40?
20
Suppose 2*r - 5*b - 132 = -3*b, 5*r - 4*b - 327 = 0. Let c be (120/14)/(r/294). Calculate the greatest common divisor of c and 10.
10
Let q = -270 + 456. Suppose 0 = 20*y - 31*y + 682. What is the greatest common factor of y and q?
62
Suppose 0 = -2*r + 4. Suppose 42525 = 133*z + 14595. Calculate the greatest common divisor of r and z.
2
Suppose 521 = 3*m + 2*w, -5*w = 3*m + 32 - 547. Calculate the greatest common factor of m and 75.
25
Let u = -10 - -18. Let c be -2 + -4 - u*-3. Let s be (2 - 2)*-1 + 6. What is the highest common factor of s and c?
6
Let o(q) = 472*q + 120. Let c(b) = -43*b - 11. Let i(l) = -32*c(l) - 3*o(l). Let a be i(-5). What is the greatest common factor of a and 6?
6
Let z be (-320)/(